rime factors of 174800?
2, 5, 19, 23
What are the prime factors of 567?
3, 7
What are the prime factors of 68317?
53, 1289
List the prime factors of 138823.
29, 4787
What are the prime factors of 627?
3, 11, 19
List the prime factors of 4272.
2, 3, 89
List the prime factors of 55264.
2, 11, 157
List the prime factors of 34898.
2, 17449
What are the prime factors of 37584?
2, 3, 29
List the prime factors of 245.
5, 7
What are the prime factors of 1518?
2, 3, 11, 23
What are the prime factors of 2205?
3, 5, 7
What are the prime factors of 32344?
2, 13, 311
List the prime factors of 5785.
5, 13, 89
List the prime factors of 65315.
5, 13063
What are the prime factors of 2342?
2, 1171
List the prime factors of 640.
2, 5
List the prime factors of 1683.
3, 11, 17
List the prime factors of 1064.
2, 7, 19
What are the prime factors of 3239?
41, 79
What are the prime factors of 1658?
2, 829
What are the prime factors of 1903?
11, 173
What are the prime factors of 1435?
5, 7, 41
List the prime factors of 16356.
2, 3, 29, 47
List the prime factors of 630.
2, 3, 5, 7
What are the prime factors of 60618?
2, 3, 10103
List the prime factors of 90.
2, 3, 5
What are the prime factors of 6732?
2, 3, 11, 17
List the prime factors of 41535.
3, 5, 13, 71
What are the prime factors of 17999?
41, 439
What are the prime factors of 1199?
11, 109
List the prime factors of 89688.
2, 3, 37, 101
List the prime factors of 438.
2, 3, 73
List the prime factors of 174.
2, 3, 29
List the prime factors of 18483.
3, 61, 101
What are the prime factors of 3708?
2, 3, 103
What are the prime factors of 16992?
2, 3, 59
What are the prime factors of 1128?
2, 3, 47
List the prime factors of 5783.
5783
What are the prime factors of 49444?
2, 47, 263
List the prime factors of 4184.
2, 523
List the prime factors of 858.
2, 3, 11, 13
What are the prime factors of 7793?
7793
What are the prime factors of 6089?
6089
What are the prime factors of 85547?
7, 11, 101
List the prime factors of 569.
569
List the prime factors of 2143.
2143
What are the prime factors of 16758?
2, 3, 7, 19
List the prime factors of 84081.
3, 28027
What are the prime factors of 41466?
2, 3, 6911
List the prime factors of 4184.
2, 523
List the prime factors of 645.
3, 5, 43
What are the prime factors of 2159?
17, 127
What are the prime factors of 2070?
2, 3, 5, 23
List the prime factors of 34803.
3, 1289
List the prime factors of 4726.
2, 17, 139
What are the prime factors of 1016?
2, 127
What are the prime factors of 191097?
3, 17, 1249
List the prime factors of 13676.
2, 13, 263
What are the prime factors of 23063?
23063
What are the prime factors of 77338?
2, 38669
What are the prime factors of 79792?
2, 4987
List the prime factors of 94966.
2, 103, 461
What are the prime factors of 11294?
2, 5647
What are the prime factors of 2518?
2, 1259
What are the prime factors of 2725?
5, 109
What are the prime factors of 4115?
5, 823
What are the prime factors of 132?
2, 3, 11
List the prime factors of 1790.
2, 5, 179
What are the prime factors of 2022?
2, 3, 337
List the prime factors of 13425.
3, 5, 179
List the prime factors of 61121.
61121
What are the prime factors of 455?
5, 7, 13
What are the prime factors of 1264?
2, 79
What are the prime factors of 11811?
3, 31, 127
What are the prime factors of 5606?
2, 2803
What are the prime factors of 22838?
2, 19, 601
What are the prime factors of 319?
11, 29
List the prime factors of 8525.
5, 11, 31
What are the prime factors of 57537?
3, 2131
What are the prime factors of 417?
3, 139
List the prime factors of 17342.
2, 13, 23, 29
List the prime factors of 689.
13, 53
What are the prime factors of 11175?
3, 5, 149
List the prime factors of 301.
7, 43
List the prime factors of 527.
17, 31
What are the prime factors of 35076?
2, 3, 37, 79
List the prime factors of 11244.
2, 3, 937
List the prime factors of 2701.
37, 73
List the prime factors of 92328.
2, 3, 3847
List the prime factors of 18856.
2, 2357
List the prime factors of 61150.
2, 5, 1223
What are the prime factors of 64318?
2, 32159
What are the prime factors of 24473?
24473
What are the prime factors of 1242?
2, 3, 23
List the prime factors of 8663.
8663
What are the prime factors of 8192?
2
What are the prime factors of 19953?
3, 739
List the prime factors of 72.
2, 3
List the prime factors of 1891.
31, 61
What are the prime factors of 8272?
2, 11, 47
List the prime factors of 5123.
47, 109
What are the prime factors of 6801?
3, 2267
List the prime factors of 177.
3, 59
List the prime factors of 20476.
2, 5119
What are the prime factors of 38830?
2, 5, 11, 353
List the prime factors of 3353.
7, 479
What are the prime factors of 119124?
2, 3, 1103
What are the prime factors of 422?
2, 211
What are the prime factors of 41321?
7, 5903
List the prime factors of 41139.
3, 7, 653
What are the prime factors of 10139?
10139
List the prime factors of 349.
349
What are the prime factors of 5980?
2, 5, 13, 23
What are the prime factors of 28209?
3, 9403
What are the prime factors of 2762?
2, 1381
What are the prime factors of 6267?
3, 2089
List the prime factors of 24957.
3, 47, 59
List the prime factors of 26072.
2, 3259
List the prime factors of 19796.
2, 7, 101
What are the prime factors of 813?
3, 271
List the prime factors of 5225.
5, 11, 19
What are the prime factors of 6924?
2, 3, 577
List the prime factors of 13177.
13177
What are the prime factors of 5086?
2, 2543
List the prime factors of 3712.
2, 29
List the prime factors of 1502.
2, 751
List the prime factors of 50529.
3, 16843
List the prime factors of 34749.
3, 11, 13
List the prime factors of 84018.
2, 3, 11, 19, 67
List the prime factors of 2577.
3, 859
What are the prime factors of 7146?
2, 3, 397
What are the prime factors of 8432?
2, 17, 31
What are the prime factors of 521?
521
List the prime factors of 43130.
2, 5, 19, 227
What are the prime factors of 32566?
2, 19, 857
List the prime factors of 382.
2, 191
List the prime factors of 90053.
90053
List the prime factors of 100627.
47, 2141
What are the prime factors of 63971?
17, 53, 71
List the prime factors of 1522.
2, 761
List the prime factors of 2433.
3, 811
List the prime factors of 24566.
2, 71, 173
What are the prime factors of 22139?
13, 131
What are the prime factors of 308?
2, 7, 11
List the prime factors of 122948.
2, 7, 4391
What are the prime factors of 39781?
7, 5683
List the prime factors of 6260.
2, 5, 313
What are the prime factors of 136?
2, 17
List the prime factors of 6857.
6857
What are the prime factors of 1528?
2, 191
List the prime factors of 12090.
2, 3, 5, 13, 31
What are the prime factors of 1223?
1223
List the prime factors of 1222.
2, 13, 47
List the prime factors of 1949.
1949
What are the prime factors of 19651?
43, 457
What are the prime factors of 18615?
3, 5, 17, 73
List the prime factors of 65101.
65101
List the prime factors of 479.
479
List the prime factors of 1114.
2, 557
List the prime factors of 11967.
3, 3989
List the prime factors of 99584.
2, 389
What are the prime factors of 3233?
53, 61
What are the prime factors of 381?
3, 127
What are the prime factors of 14175?
3, 5, 7
What are the prime factors of 9217?
13, 709
List the prime factors of 3790.
2, 5, 379
What are the prime factors of 15599?
19, 821
What are the prime factors of 1786?
2, 19, 47
List the prime factors of 1672.
2, 11, 19
List the prime factors of 3839.
11, 349
What are the prime factors of 2058?
2, 3, 7
What are the prime factors of 20685?
3, 5, 7, 197
List the prime factors of 10509.
3, 31, 113
List the prime factors of 1091.
1091
List the prime factors of 2016.
2, 3, 7
List the prime factors of 18906.
2, 3, 23, 137
What are the prime factors of 2773?
47, 59
List the prime factors of 4281.
3, 1427
List the prime factors of 25125.
3, 5, 67
What are the prime factors of 509?
509
What are the prime factors of 5278?
2, 7, 13, 29
List the prime factors of 4156.
2, 1039
What are the prime factors of 2269?
2269
What are the prime factors of 50216?
2, 6277
What are the prime factors of 861?
3, 7, 41
List the prime factors of 1052.
2, 263
What are the prime factors of 6500?
2, 5, 13
List the prime factors of 7731.
3, 859
What are the prime factors of 637?
7, 13
What are the prime factors of 62785?
5, 2